*2 + 5*a - 6. Determine m(2).
4
Let n(j) = j**2 - 10*j + 6. Calculate n(6).
-18
Let l(s) = s**3 + 3*s**2 - 7*s - 5. What is l(-4)?
7
Let i(s) = 29*s - 226. What is i(8)?
6
Let p(w) = -2*w**3 - 20*w**2 + 27*w + 57. Calculate p(-11).
2
Let k(n) = -4*n**2 + n - 11. Determine k(6).
-149
Let t(j) = -18*j - 1. Determine t(-2).
35
Let s(m) = -6*m**3 - 6*m**2 + 5*m. Give s(1).
-7
Let y(d) = d**2 + 6*d - 23. What is y(-9)?
4
Let q(x) = x**3 + 9*x**2 + 9*x + 14. What is q(-8)?
6
Let t(d) = d**2 + 6*d - 8. What is t(2)?
8
Let b(n) = n**2 - 6*n + 11. Give b(5).
6
Let d(n) = 17*n + 2. What is d(1)?
19
Let a(s) = 4*s - 4. Give a(2).
4
Let o(z) = z**2 + 12. What is o(-5)?
37
Let u(m) = -m**2 + 3*m - 1. Determine u(5).
-11
Let s(x) = -x**3 + 9*x**2 + 2*x - 21. Give s(10).
-101
Let h(v) = -3*v**3 + v**2 + 3*v + 2. Give h(2).
-12
Let f(l) = 3*l**2 + 25*l + 17. Give f(-5).
-33
Let n(a) = 2*a**2 - 7*a - 12. Determine n(5).
3
Let m(d) = -4*d - 32. Give m(-8).
0
Let m(q) = 10*q - 9. Give m(7).
61
Let a(u) = -3*u - 5. Calculate a(-8).
19
Let q(x) = -x**3 + 4*x**2 + 2*x + 7. What is q(5)?
-8
Let w(n) = 7*n + 2. Calculate w(-6).
-40
Let z(v) = 3*v + 27. Determine z(-5).
12
Let k(i) = -i**2 + i + 11. Calculate k(-6).
-31
Let s(v) = 22*v - 3. Determine s(-1).
-25
Let k(s) = s**2 + 4*s - 5. Calculate k(-5).
0
Let j(n) = n**3 - 11*n**2 - 2*n - 11. Calculate j(11).
-33
Let l(c) = 202*c**2 + 1. Give l(1).
203
Let k(g) = -g**3 + 4*g**2 + 2*g + 12. Give k(5).
-3
Let j(i) = -9*i**3 - 4*i**2 + 2*i + 1. Calculate j(1).
-10
Let c(d) = 2*d**2 - 8*d - 4. What is c(5)?
6
Let q(f) = 2*f - 3. Determine q(6).
9
Let r(j) = -25*j - 62. Calculate r(-4).
38
Let z(w) = w**3 - w**2 - 31*w + 4. Give z(6).
-2
Let r(i) = i - 9. Determine r(7).
-2
Let c(f) = f**3 + 12*f**2 + 9*f. Calculate c(-11).
22
Let j(g) = -2*g + 36. Give j(22).
-8
Let c(q) = 5*q - 15. Calculate c(-5).
-40
Let n(v) = 5*v**3 - v**2 - v + 6. Determine n(3).
129
Let k(i) = i**2 + 9*i - 16. Give k(-7).
-30
Let n(f) = -7*f - 74. Determine n(-12).
10
Let k(o) = 4*o - 12. What is k(4)?
4
Let k(g) = -26*g**3 - 2*g**2 - g + 2. Give k(-1).
27
Let j(s) = 89*s**2 + s - 2. What is j(1)?
88
Let n(j) = 8*j**3 + j**2 + 15*j + 14. Calculate n(-1).
-8
Let z(r) = 3*r**2 - 11*r + 9. Give z(7).
79
Let j(s) = -7*s**3 + 48*s**2 + 6*s + 8. Calculate j(7).
1
Let h(o) = 6*o + 94. Calculate h(22).
226
Let o(t) = t**2 - 8*t - 17. Determine o(10).
3
Let r(g) = -8*g - 1. Calculate r(9).
-73
Let a(n) = n**2 - 5*n - 5. What is a(4)?
-9
Let c(w) = 3*w - 40. Determine c(11).
-7
Let x(u) = -u**2 - 44. Calculate x(0).
-44
Let s(n) = n + 60. Give s(0).
60
Let y(n) = -40*n - 3. Calculate y(-1).
37
Let w(m) = 34*m - 65. Calculate w(6).
139
Let p(g) = g**3 + 8*g**2 + 9*g + 10. Give p(-7).
-4
Let f(g) = 3*g + 2. Determine f(9).
29
Let y(t) = -t**2 - 3*t - 17. Calculate y(0).
-17
Let q(f) = 2*f**3 + 4*f**2 + 4*f + 17. Determine q(-4).
-63
Let t(z) = -z**2 + 28*z - 149. Give t(8).
11
Let b(d) = 21*d**2 + 1. What is b(1)?
22
Let x(w) = w**2 - 13*w - 12. Determine x(14).
2
Let o(y) = -68*y + 138. Give o(2).
2
Let g(w) = -3*w + 19. Calculate g(4).
7
Let c(w) = 2*w**2 - 27*w + 57. Calculate c(10).
-13
Let h(u) = 3*u**2 + 20*u - 10. Determine h(-7).
-3
Let x(r) = r**3 - 5*r**2 + 5*r - 12. Calculate x(5).
13
Let j(w) = w**2 - 18*w + 33. Give j(3).
-12
Let u(y) = 11*y - 25. Calculate u(5).
30
Let c(p) = 21*p**3 - 2*p**2 - p. Determine c(-1).
-22
Let y(l) = -l**2 + l + 55. Give y(-7).
-1
Let o(q) = -q**2 + 6*q - 6. Give o(7).
-13
Let p(s) = -6*s. Calculate p(6).
-36
Let w(f) = -2*f + 3. What is w(-6)?
15
Let h(o) = -o**3 - 14*o**2 - 11*o + 32. What is h(-13)?
6
Let s(l) = -l**2 + 14*l + 91. What is s(19)?
-4
Let k(w) = -w**2 - 15*w - 3. Determine k(-14).
11
Let r(h) = -h**2 - 8*h. Give r(-7).
7
Let w(y) = -y**2 - 29*y - 189. Calculate w(-19).
1
Let n(s) = -2*s - 2. What is n(13)?
-28
Let n(c) = -12*c + 3. What is n(-10)?
123
Let i(k) = -k**2 - 10*k + 17. Give i(-13).
-22
Let j(v) = -3*v + 17. Calculate j(10).
-13
Let b(f) = 25*f + 10. What is b(0)?
10
Let s(u) = -2*u + 11. Calculate s(-2).
15
Let j(v) = v**2 - 4*v + 4. What is j(7)?
25
Let n(a) = -3*a**3 - a**2 - a + 1. What is n(2)?
-29
Let z(g) = 4*g**2 - 83*g - 26. What is z(20)?
-86
Let z(n) = n**3 + 5*n**2 - 2*n + 3. Determine z(-3).
27
Let m(r) = -2*r**2 + 26*r - 22. Calculate m(13).
-22
Let h(l) = l**2 - 3*l - 1. Determine h(4).
3
Let m(d) = 14*d**2 + 1. Determine m(2).
57
Let a(r) = -r - 17. Calculate a(8).
-25
Let j(r) = -r**2 - 4*r + 2. What is j(-5)?
-3
Let a(s) = -2*s**2 - s + 12. Calculate a(-4).
-16
Let h(u) = u**2 - 8*u - 6. Calculate h(7).
-13
Let c(p) = -7*p - 9. What is c(-4)?
19
Let f(c) = 76*c + 1. Calculate f(-1).
-75
Let z(a) = a**2 - 3*a - 93. Give z(11).
-5
Let u(m) = 2*m + 58. Give u(-30).
-2
Let b(q) = q**3 - 5*q**2 - 3*q - 7. Determine b(5).
-22
Let y(t) = -2*t**2 + 54*t - 156. What is y(3)?
-12
Let c(o) = -o**3 + 3*o**2 + 1. What is c(3)?
1
Let o(m) = -m**3 - 2*m**2 - 3*m. Calculate o(-3).
18
Let j(c) = -25*c**3 + 5*c**2 + c - 2. Give j(2).
-180
Let d(u) = 3*u**2 - 4*u - 13. What is d(-3)?
26
Let w(s) = 3*s**2 + 4*s - 4. Give w(2).
16
Let d(q) = q**3 + 10*q**2 + 10*q - 8. Give d(-6).
76
Let a(q) = q**3 + 11*q**2 + 10*q - 7. What is a(-10)?
-7
Let w(i) = 26*i + 3. Calculate w(1).
29
Let l(p) = -p**3 - 2*p - 65. Calculate l(0).
-65
Let a(s) = -s**3 + 14*s**2 - 15*s + 12. Determine a(13).
-14
Let s(r) = -r**2 - 19*r - 8. What is s(-16)?
40
Let t(v) = -2*v - 2. Calculate t(2).
-6
Let w(j) = -j + 32. Calculate w(18).
14
Let y(l) = -l**3 - 10*l**2 + 25*l + 17. What is y(-12)?
5
Let r(y) = -2*y - 48. Determine r(-16).
-16
Let p(b) = b**2 + 9*b - 5. What is p(-9)?
-5
Let h(b) = -b**3 - 3*b**2 + 7*b + 6. Give h(-5).
21
Let q(i) = 10*i - 46. Calculate q(3).
-16
Let f(a) = -2*a - 40. What is f(-13)?
-14
Let u(p) = 2*p**3 + 2*p**2 + p + 7. Calculate u(-3).
-32
Let u(o) = -o**2 + 24*o - 91. Determine u(17).
28
Let s(n) = -6*n - 1. Calculate s(6).
-37
Let g(j) = 35*j + 362. What is g(-10)?
12
Let k(j) = j**3 - 6*j**2 + j - 7. What is k(6)?
-1
Let s(l) = -5*l. Calculate s(6).
-30
Let w(f) = 14*f**3 - 2*f**2 + f. What is w(1)?
13
Let w(v) = 112*v**3 - 3*v**2 - 3*v. Give w(-1).
-112
Let q(n) = -2*n - 5. Determine q(-5).
5
Let a(w) = 50*w + 1. Determine a(-1).
-49
Let f(d) = -d - 4. What is f(3)?
-7
Let i(u) = -8*u + 7. Determine i(5).
-33
Let h(s) = -3*s**2 - 6*s - 6. What is h(-1)?
-3
Let z(w) = w**3 - 13*w**2 + 10*w - 12. Determine z(12).
-36
Let v(w) = -w**3 - w**2 + 2*w + 42. Give v(0).
42
Let r(s) = s**3 + 5*s**2 + 4*s - 5. What is r(-4)?
-5
Let a(v) = 59*v - 244. Give a(4).
-8
Let u(q) = 2*q**3 - 2*q**2 - 14*q + 7. What is u(-3)?
-23
Let s(k) = -k**2 - k + 12. Calculate s(-4).
0
Let y(q) = q**2 + 11*q + 27. Determine y(-9).
9
Let r(o) = 6*o - 80. Calculate r(12).
-8
Let n(u) = 5*u**2 - 2*u - 1. Calculate n(-1).
6
Let j(u) = -3*u**2 - 3*u + 1. What is j(-4)?
-35
Let a(b) = 73*b - 10. Give a(2).
136
Let a(h) = 2*h - 8. Calculate a(9).
10
Let x(h) = -30*h - 835. Give x(-28).
5
Let i(l) = l**2 + 16*l - 32. What is i(-18)?
4
Let d(x) = -x**2 - 34*x - 206. Determine d(-28).
-38
Let f(z) = -z**2 + 8*z + 5. Determine f(10).
-15
Let k(r) = -2*r**2 + 24*r + 32. Calculate k(13).
6
Let z(t) = -3*t**2 - 3*t + 16. Determine z(2).
-2
Let l(j) = j**3 - 8*j**2 + 8*j - 3. Calculate l(6).
-27
Let w(i) = i**3 + i**2 + i - 8. Determine w(3).
31
Let b(l) = 10*l + 60. Give b(-7).
-10
Let p(m) = m**2 + 3*m - 10. Give p(-4).
-6
Let q(g) = 3*g + 57. Determine q(-15).
12
Let y(x) = 4*x**3 - x**2 - 3*x + 5. Give y(2).
27
Let a(d) = -d**3 + 5*d**2 - 4*d + 4. Calculate a(3).
10
Let k(b) = -8*b + 14. Determine k(4).
-18
Let h(y) = -y**3 + 40*y**2 + 128*y + 38. What is h(43)?
-5
Let m(s) = -s**2 + 18*s - 10. Determine m(18).
-10
Let i(g) = -14*g + 8. Determine i(2).
-20
Let c(x) = -2*x**3 - 3*x**2 + x + 6. What is c(-3)?
30
Let m(f) = f**3 - 20*f**2 + 35*f + 8. Determine m(18).
-10
Let c(z) = 47*z - 355. Calculate c(8).
21
Let r(a) = a**3 - 20*a**2 + 18*a + 38. Give r(19).
19
Let x(s) = s**2 - 7*s - 18. Calculate x(10).
12
Let k(l) = -l**3 + 19*l**2 + 21*l - 50. Give k(20).
-30
Let s(g) = -g**3 + 30*g**2 - 30*g + 41. Calculate s(29).
12
Let c(q) = 5*q**3 + 2*q**2 - 2. Calculate c(2).
46
Let r(v) = -2*v**2 + 17*v - 31. Calculate r(7).